{"id":31,"date":"2024-02-18T02:32:00","date_gmt":"2024-02-18T05:32:00","guid":{"rendered":"https:\/\/lilypedia.com\/?page_id=31"},"modified":"2025-10-14T21:05:22","modified_gmt":"2025-10-15T00:05:22","slug":"contato","status":"publish","type":"page","link":"https:\/\/lilypedia.com\/index.php\/contato\/","title":{"rendered":"Contato"},"content":{"rendered":"\n<p>Quer entrar em contato conosco?<\/p>\n\n\n\n<p><strong>\ud83d\udfe7Siga o What&#8217;s The Frequency, Lily? Podcast: \ud83d\udfe7<\/strong><\/p>\n\n\n\n<p>\ud83d\udd38<strong>YouTube:<\/strong> \u2060https:\/\/tinyurl.com\/WTFL-YT\u2060<br>\ud83d\udd38<strong>Website: \u2060<\/strong>https:\/\/lilypedia.com\/<br>\ud83d\udd38<strong>Facebook:<\/strong> \u2060https:\/\/tinyurl.com\/WTFL-FB<br>\ud83d\udd38<strong>Twitter: <\/strong>\u2060https:\/\/tinyurl.com\/WTFL-X\u2060<br>\ud83d\udd38<strong>TikTok: <\/strong>https:\/\/tinyurl.com\/WTFL-TT<br>\ud83d\udd38<strong>Instagram:<\/strong> \u2060https:\/\/tinyurl.com\/WTFL-IG\u2060<br>\ud83d\udd38<strong>Threads: <\/strong>https:\/\/tinyurl.com\/WTFL-TH<br>\ud83d\udd38<strong>Bluesky: <\/strong>https:\/\/tinyurl.com\/WTFL-BSKY<br>\ud83d\udd38<strong>E-mail: <\/strong>\u2060podcast@lilypedia.com\u2060<\/p>\n\n\n\n<p><strong>ATEN\u00c7\u00c3O: A voz do J.A.R.V.I.N.H.O. e da P.J. n\u00e3o s\u00e3o reais, elas s\u00e3o geradas (a partir da voz da Lilian) usando IA (Intelig\u00eancia Artificial).<\/strong><\/p>\n","protected":false},"excerpt":{"rendered":"<p>Quer entrar em contato conosco? \ud83d\udfe7Siga o What&#8217;s The Frequency, Lily? Podcast: \ud83d\udfe7 \ud83d\udd38YouTube: \u2060https:\/\/tinyurl.com\/WTFL-YT\u2060\ud83d\udd38Website:&hellip;<\/p>\n","protected":false},"author":1,"featured_media":0,"parent":0,"menu_order":0,"comment_status":"closed","ping_status":"closed","template":"","meta":{"cybocfi_hide_featured_image":"","footnotes":""},"class_list":["post-31","page","type-page","status-publish","hentry"],"aioseo_notices":[],"_links":{"self":[{"href":"https:\/\/lilypedia.com\/index.php\/wp-json\/wp\/v2\/pages\/31","targetHints":{"allow":["GET"]}}],"collection":[{"href":"https:\/\/lilypedia.com\/index.php\/wp-json\/wp\/v2\/pages"}],"about":[{"href":"https:\/\/lilypedia.com\/index.php\/wp-json\/wp\/v2\/types\/page"}],"author":[{"embeddable":true,"href":"https:\/\/lilypedia.com\/index.php\/wp-json\/wp\/v2\/users\/1"}],"replies":[{"embeddable":true,"href":"https:\/\/lilypedia.com\/index.php\/wp-json\/wp\/v2\/comments?post=31"}],"version-history":[{"count":7,"href":"https:\/\/lilypedia.com\/index.php\/wp-json\/wp\/v2\/pages\/31\/revisions"}],"predecessor-version":[{"id":1543,"href":"https:\/\/lilypedia.com\/index.php\/wp-json\/wp\/v2\/pages\/31\/revisions\/1543"}],"wp:attachment":[{"href":"https:\/\/lilypedia.com\/index.php\/wp-json\/wp\/v2\/media?parent=31"}],"curies":[{"name":"wp","href":"https:\/\/api.w.org\/{rel}","templated":true}]}}